9918257?
9
What is the hundred thousands digit of 391391?
3
What is the thousands digit of 206953?
6
What is the hundred thousands digit of 242229?
2
What is the hundred thousands digit of 20536213?
5
What is the hundred thousands digit of 247028?
2
What is the ten thousands digit of 4818296?
1
What is the tens digit of 264879?
7
What is the tens digit of 3292759?
5
What is the millions digit of 25965301?
5
What is the hundreds digit of 621628?
6
What is the hundreds digit of 22717?
7
What is the ten thousands digit of 2512904?
1
What is the hundreds digit of 6728872?
8
What is the hundred thousands digit of 1072728?
0
What is the units digit of 10282676?
6
What is the thousands digit of 1107425?
7
What is the tens digit of 32703?
0
What is the thousands digit of 273601?
3
What is the hundred thousands digit of 725186?
7
What is the thousands digit of 174444?
4
What is the tens digit of 13867516?
1
What is the tens digit of 94731?
3
What is the hundred thousands digit of 303965?
3
What is the hundreds digit of 380781?
7
What is the ten thousands digit of 1329619?
2
What is the thousands digit of 16829811?
9
What is the hundreds digit of 3794257?
2
What is the units digit of 2859?
9
What is the ten thousands digit of 890850?
9
What is the millions digit of 1603101?
1
What is the ten thousands digit of 266924?
6
What is the thousands digit of 1718102?
8
What is the hundreds digit of 617178?
1
What is the hundreds digit of 405179?
1
What is the thousands digit of 982914?
2
What is the units digit of 14077?
7
What is the millions digit of 4274221?
4
What is the thousands digit of 1558889?
8
What is the units digit of 10587098?
8
What is the millions digit of 3865390?
3
What is the units digit of 9689736?
6
What is the ten thousands digit of 283600?
8
What is the hundreds digit of 1871737?
7
What is the hundred thousands digit of 1050214?
0
What is the tens digit of 25859544?
4
What is the ten millions digit of 15449632?
1
What is the millions digit of 1151804?
1
What is the ten thousands digit of 797266?
9
What is the thousands digit of 15732?
5
What is the millions digit of 2773183?
2
What is the units digit of 125208?
8
What is the thousands digit of 7696224?
6
What is the hundreds digit of 11554380?
3
What is the hundred thousands digit of 441520?
4
What is the thousands digit of 15571671?
1
What is the tens digit of 315438?
3
What is the ten thousands digit of 717428?
1
What is the hundred thousands digit of 740930?
7
What is the hundreds digit of 1325822?
8
What is the tens digit of 673604?
0
What is the tens digit of 4979908?
0
What is the ten thousands digit of 3515094?
1
What is the thousands digit of 1050890?
0
What is the thousands digit of 539986?
9
What is the tens digit of 296785?
8
What is the thousands digit of 32370?
2
What is the thousands digit of 82047?
2
What is the tens digit of 508184?
8
What is the tens digit of 2060051?
5
What is the ten thousands digit of 252132?
5
What is the thousands digit of 968781?
8
What is the hundred thousands digit of 7901184?
9
What is the thousands digit of 4746370?
6
What is the hundreds digit of 567033?
0
What is the thousands digit of 591114?
1
What is the units digit of 317703?
3
What is the hundred thousands digit of 210835?
2
What is the hundreds digit of 94611?
6
What is the millions digit of 6347462?
6
What is the units digit of 3964796?
6
What is the millions digit of 4372784?
4
What is the tens digit of 4153537?
3
What is the units digit of 6756496?
6
What is the thousands digit of 50091?
0
What is the thousands digit of 1830899?
0
What is the thousands digit of 907569?
7
What is the units digit of 6116606?
6
What is the tens digit of 6840288?
8
What is the tens digit of 135148?
4
What is the ten millions digit of 17632160?
1
What is the millions digit of 17434219?
7
What is the thousands digit of 3567525?
7
What is the ten millions digit of 18652255?
1
What is the ten thousands digit of 28696353?
9
What is the hundreds digit of 1353449?
4
What is the thousands digit of 5530790?
0
What is the units digit of 119073?
3
What is the millions digit of 3625844?
3
What is the tens digit of 447280?
8
What is the hundred thousands digit of 378759?
3
What is the ten millions digit of 10577510?
1
What is the units digit of 77685?
5
What is the millions digit of 8344482?
8
What is the millions digit of 2679443?
2
What is the ten thousands digit of 278008?
7
What is the tens digit of 301164?
6
What is the ten thousands digit of 713283?
1
What is the hundreds digit of 222199?
1
What is the hundreds digit of 415247?
2
What is the hundred thousands digit of 632902?
6
What is the thousands digit of 6610008?
0
What is the units digit of 101148?
8
What is the hundreds digit of 8554182?
1
What is the hundreds digit of 661216?
2
What is the units digit of 183357?
7
What is the hundreds digit of 2008125?
1
What is the tens digit of 5834149?
4
What is the thousands digit of 265055?
5
What is the thousands digit of 178707?
8
What is the ten thousands digit of 1109016?
0
What is the hundreds digit of 639315?
3
What is the units digit of 1763619?
9
What is the millions digit of 1160550?
1
What is the ten millions digit of 30388465?
3
What is the units digit of 14701869?
9
What is the thousands digit of 317028?
7
What is the tens digit of 5131282?
8
What is the millions digit of 33315421?
3
What is the tens digit of 14957931?
3
What is the thousands digit of 150518?
0
What is the ten thousands digit of 1256020?
5
What is the ten thousands digit of 4465892?
6
What is the hundreds digit of 255522?
5
What is the hundreds digit of 268402?
4
What is the units digit of 901549?
9
What is the millions digit of 2389790?
2
What is the hundreds digit of 136214?
2
What is the thousands digit of 23815168?
5
What is the thousands digit of 57328?
7
What is the thousands digit of 5633711?
3
What is the units digit of 778041?
1
What is the tens digit of 9736199?
9
What is the units digit of 3341134?
4
What is the ten millions digit of 13509999?
1
What is the hundred thousands digit of 13768523?
7
What is the hundred thousands digit of 307250?
3
What is the thousands digit of 7540753?
0
What is the units digit of 730051?
1
What is the hundreds digit of 9612061?
0
What is the units digit of 184407?
7
What is the hundred thousands digit of 3207851?
2
What is the ten thousands digit of 73897?
7
What is the millions digit of 11023433?
1
What is the units digit of 3039366?
6
What is the hundreds digit of 2165797?
7
What is the units digit of 3120894?
4
What is the thousands digit of 8074563?
4
What is the tens digit of 211996?
9
What is the thousands digit of 2337540?
7
What is the thousands digit of 1420717?
0
What is the tens digit of 135254?
5
What is the units digit of 29496715?
5
What is the units digit of 81825?
5
What is the units digit of 2833587?
7
What is the hundreds digit of 12815759?
7
What is the hundred thousands digit of 343381?
3
What is the ten thousands digit of 898402?
9
What is the units digit of 3380456?
6
What is the hundreds digit of 1228435?
4
What is the thousands digit of 12839353?
9
What is the tens digit of 584811?
1
What is the hundreds digit of 3356443?
4
What is the hundreds digit of 1482897?
8
What is the ten millions digit of 40423477?
4
What is the hundreds digit of 300588?
5
What is the tens digit of 1506628?
2
What is the units digit of 180595?
5
What is the ten thousands digit of 1629623?
2
What is the millions digit of 39288783?
9
What is the ten thousands digit of 3526321?
2
What is the hundreds digit of 332097?
0
What is the units digit of 57589?
9
What is the hundreds digit of 16848310?
3
What is the hundreds digit of 1598781?
7
What is the hundreds digit of 108427?
4
What is the ten millions digit of 25154805?
2
What is the units digit of 158479?
9
What is the ten thousands digit of 674327?
7
What is the thousands digit of 356280?
6
What is the hundred thousands digit of 2477981?
4
What is the hundreds digit of 120588?
5
What is the ten thousands digit of 382089?
8
What is the hundreds digit of 759038?
0
What is the units digit of 199278?
8
What is the hundreds digit of 29896?
8
What is the units digit of 1635404?
4
What is the tens digit of 1463172?
7
What is the thousands digit of 4162